t is -23 - 133?
-156
In base 15, what is a - 345c7?
-345bc
In base 15, what is -16 + c94?
c7d
In base 8, what is -47763 + -32?
-50015
In base 7, what is -40322 + 6?
-40313
In base 14, what is -2 + -a7b91?
-a7b93
In base 10, what is -12921 + 14?
-12907
In base 10, what is 476 + -69?
407
In base 10, what is 3 + -55905?
-55902
In base 14, what is -8 - 1bb2?
-1bba
In base 3, what is -11 + 1100010002?
1100002221
In base 13, what is 516 + -13b?
3a8
In base 14, what is 2cc + -c2?
20a
In base 10, what is 1105062 + 4?
1105066
In base 15, what is 206 - -84?
28a
In base 11, what is 4 - 25115?
-25111
In base 10, what is -409 - 10?
-419
In base 7, what is 166 + -61?
105
In base 7, what is -34 + -3242636?
-3243003
In base 10, what is 1075 + 107?
1182
In base 15, what is -980b - -7?
-9804
In base 15, what is 24 + -bd8?
-bb4
In base 12, what is -12b36 - 31?
-12b67
In base 7, what is 2130 + -6?
2121
In base 4, what is 121203111 - 13?
121203032
In base 9, what is 180 - -17032?
17222
In base 5, what is -12 + -33430131?
-33430143
In base 12, what is -3 - 2214?
-2217
In base 8, what is 7 - -127633?
127642
In base 2, what is -11000010011001001011 + -10?
-11000010011001001101
In base 12, what is aa6 + -70?
a36
In base 8, what is -3547352 - 3?
-3547355
In base 9, what is 2 - -14?
16
In base 13, what is 64 + 1bb?
252
In base 10, what is -2016 + 0?
-2016
In base 3, what is 122021122 + 12?
122021211
In base 5, what is 230314 - -104?
230423
In base 10, what is 8872181 + -3?
8872178
In base 5, what is -3 - 4324?
-4332
In base 7, what is 61460 - -32?
61522
In base 13, what is -a + -141c?
-1429
In base 16, what is 1416 - -29?
143f
In base 8, what is -1 - -11731?
11730
In base 2, what is 11 - 10100010100101?
-10100010100010
In base 14, what is -166 + 30?
-136
In base 4, what is -1313132 + -10?
-1313202
In base 8, what is -14 - -16366?
16352
In base 10, what is 13 + 31065?
31078
In base 13, what is -7c + -1913?
-1992
In base 2, what is 11 + 110001011011110?
110001011100001
In base 5, what is -1121403 - -440?
-1120413
In base 9, what is 5 - -228468?
228474
In base 3, what is -20011 + -2111110?
-2201121
In base 16, what is -2ff139 + 4?
-2ff135
In base 14, what is -ab0 - -3?
-aab
In base 15, what is -175d - c1?
-182e
In base 13, what is 15c + -2545?
-23b6
In base 14, what is d - 3442?
-3433
In base 8, what is -3 + 5647313?
5647310
In base 4, what is -2323332 - -3011?
-2320321
In base 2, what is 100110000 - 11110000?
1000000
In base 7, what is -354 - -2324?
1640
In base 4, what is -13322231 + -3?
-13322300
In base 14, what is 84 + a9b?
b41
In base 14, what is 4b + 2b0?
31b
In base 11, what is 0 + -a204?
-a204
In base 5, what is -310243130 + 0?
-310243130
In base 5, what is -12112 - -111420?
44303
In base 10, what is -12010 + 101?
-11909
In base 15, what is 5 - 662d?
-6628
In base 8, what is -40 - -226460?
226420
In base 12, what is -17 + 4337b?
43364
In base 14, what is 0 + 260c2?
260c2
In base 2, what is 1100001 - -1100?
1101101
In base 5, what is 10 - 340232?
-340222
In base 2, what is 0 - 100110001011101?
-100110001011101
In base 10, what is 464 + 56?
520
In base 3, what is 2202002222 + -100?
2202002122
In base 8, what is -71334 - 2?
-71336
In base 10, what is -1008755 - -3?
-1008752
In base 10, what is -466 - 33?
-499
In base 6, what is 4 - -134203?
134211
In base 10, what is -947726 - 5?
-947731
In base 5, what is -1004141 + -10?
-1004201
In base 4, what is -10232 - 1000?
-11232
In base 9, what is -42 + 260110?
260057
In base 10, what is 0 + -138641?
-138641
In base 9, what is -24326 - -1?
-24325
In base 10, what is -23764 + -5?
-23769
In base 14, what is -10 + 2493?
2483
In base 7, what is 431 + 2006?
2440
In base 15, what is c6274 + -5?
c626e
In base 8, what is 724 + 2331?
3255
In base 13, what is -1b + -6c770?
-6c78b
In base 7, what is -14216 + -35?
-14254
In base 15, what is 611b1 - -5?
611b6
In base 2, what is 111101100101011111 - 0?
111101100101011111
In base 8, what is -25 - 111325?
-111352
In base 14, what is 23c2 - 5?
23bb
In base 6, what is -254152 + 2?
-254150
In base 11, what is -2645 - -202?
-2443
In base 3, what is 12012212220 + -10?
12012212210
In base 4, what is -11 + -30212?
-30223
In base 4, what is 2 + -311011301?
-311011233
In base 10, what is 37198 + 3?
37201
In base 9, what is 2 + 26276?
26278
In base 4, what is 103210230312 + 11?
103210230323
In base 4, what is 10322000 - 2?
10321332
In base 10, what is -160 - 5271?
-5431
In base 11, what is -4486 - 0?
-4486
In base 8, what is -1630030 + -3?
-1630033
In base 2, what is -111 + 100010101011100?
100010101010101
In base 14, what is -a25 + -39?
-a60
In base 2, what is -1001011100111111 - -100?
-1001011100111011
In base 14, what is 19388d + -4?
193889
In base 13, what is 2 - 3314?
-3312
In base 10, what is -29 - 798?
-827
In base 10, what is -1 + 163994?
163993
In base 4, what is 320013 + -3?
320010
In base 16, what is 665 + -19a?
4cb
In base 2, what is -1111100000 + 111011?
-1110100101
In base 5, what is 2113444 + 21?
2114020
In base 7, what is -31661 + 4?
-31654
In base 2, what is -10111010010100 - 1?
-10111010010101
In base 8, what is 2413 + -31?
2362
In base 3, what is -20011002 - 102?
-20011111
In base 11, what is -21981 + -2?
-21983
In base 16, what is -5 - -5462?
545d
In base 12, what is -4210bb + 2?
-4210b9
In base 7, what is 1 - 151630?
-151626
In base 11, what is -22a488 - -5?
-22a483
In base 13, what is -8 - -8b0a9?
8b0a1
In base 7, what is -252 + -1134?
-1416
In base 11, what is -31 + a69?
a38
In base 3, what is 222 - 1110010?
-1102011
In base 5, what is -2 + -32100?
-32102
In base 10, what is 3 + 139821?
139824
In base 10, what is 3 + 82468?
82471
In base 4, what is 23 - -200103330?
200110013
In base 14, what is 4 + -59040?
-5903a
In base 5, what is -11412032 + -3?
-11412040
In base 5, what is 11 + 20024?
20040
In base 9, what is 5 + 151?
156
In base 14, what is 7a + -206?
-16a
In base 13, what is 1023 + 7?
102a
In base 7, what is 20 + 3312?
3332
In base 4, what is -10001320 - -120?
-10001200
In base 16, what is 16a36 + 3?
16a39
In base 14, what is -1b740a - 0?
-1b740a
In base 6, what is 1 - -34105?
34110
In base 14, what is ca05 + 0?
ca05
In base 10, what is 1 + 19025?
19026
In base 6, what is -1450 - -115?
-1331
In base 11, what is 15 - 24545?
-24530
In base 7, what is -1500546 - 5?
-1500554
In base 16, what is 0 + -7d3a?
-7d3a
In base 8, what is -540 - 327?
-1067
In base 2, what is -11 - -11000110010110?
11000110010011
In base 9, what is 440 + 10?
450
In base 16, what is -698 + -4?
-69c
In base 13, what is 4b28 + -21?
4b07
In base 8, what is 117133 + 4?
117137
In base 3, what is 11112100201 - 21?
11112100110
In base 4, what is 21 + 2002322?
2003003
In base 13, what is -12 + -3575?
-3587
In base 10, what is 5 + 106896?
106901
In base 7, what is 24 - -15123?
15150
In base 11, what is -61 + -3a?
-a0
In base 12, what is 172a7 + -3?
172a4
In base 2, what is -1 + 11101101001010111?
11101101001010110
In base 12, what is -6806b0 - 2?
-6806b2
In base 6, what is -5123 + 2204?
-2515
In base 6, what is 3 - 335142?
-335135
In base 12, what is 5 - -2a838?
2a841
In base 4, what is -302133 + 23?
-302110
In base 3, what is 2111212 + -112?
2111100
In base 15, what is -172 - 73?
-1e5
In base 13, what is 42a3a - 2?
42a38
In base 15, what is e + -69e?
-690
In base 13, what is 0 + 21cb90?
21cb90
In base 8, what is 11 - -2032?
2043
In base 15, what is -16451 - -3?
-1644d
In base 2, what is -1011000001010 - -101?
-1011000000101
In base 13, what is 5 - -10569?
10571
In base 12, what is -12 - 4661?
-4673
In base 5, what is 4 - 20313422?
-20313413
In base 13, what is 89 + 179?
235
In base 2, what is -10010111 - 11001010011?
-11011101010
In base 14, what is 661a07 - 3?
661a04
In base 15, what is -385c - -1d?
-383e
In base 10, what is 194980 - 1?
194979
In base 2, what is 11010011100011 - 100?
11010011011111
In base 4, what is 122 + 102003322?
102010110
In base 9, what is -7403 - -181?
-7212
In base 4, what is -1230 - 13310?
-21200
In base 8, what is -1 - 4371?
-4372
In base 2, what is 100010001001110 + -1001001?
100010000000101
In base 12, what is 153 + -1948?
-17b5
In base 6, what is 243 - -442412?
443055
In base 3, what is -10 - 2202202211?
-2202202221
In base 16, what is 12a - -ab9?
be3
In base 10, what is 5 + 4